)?
23
Let m be (-15)/(-21) + (-2)/(-7). Let x(r) = 9*r**3 + 2*r**2 - 1. Calculate the remainder when x(m) is divided by 6.
4
Suppose 77 + 183 = 4*u. Suppose -2*a + 75 = 5*q - 11, 3*a = 5*q + 79. Calculate the remainder when u is divided by a.
32
Let k(s) = -2*s + 4. Suppose 5*r - 22 = 4*b - 2*b, 0 = 5*b + 5. Suppose -r*d = -35 - 69. What is the remainder when d is divided by k(-5)?
12
Suppose 3*z + 3*z = 180. Suppose 32 = -5*t + 112. Calculate the remainder when z is divided by t.
14
Let k(y) = -y**3 + 3*y**2 + 4. Suppose 2*v - 1 = 5. Suppose v = -3*t + 12. Calculate the remainder when k(3) is divided by t.
1
Let z be 2/7 + (-110)/(-7). Suppose -4*m = -8*m + z. Suppose -4*b + 28 - m = 0. What is the remainder when 16 is divided by b?
4
Suppose 0 = y - t - 2*t - 10, y = t + 4. Suppose q = -y + 5. What is the remainder when 6 is divided by q?
2
Suppose 8 = 5*z + 5*d - 27, -5*d = -3*z - 3. Let f = -17 + 35. Suppose f = 3*c - 12. What is the remainder when c is divided by z?
2
Let q(s) = 3*s**2 + 1. Let p be q(-1). Suppose 2*l + p*i = l - 4, -3*l + 3*i = -18. What is the remainder when 4/(-6) - (-64)/6 is divided by l?
2
Let o(r) = r**2 + 5*r - 4. Let g be o(-6). Calculate the remainder when 66 is divided by (-4 - -5)*46/g.
20
Let x = 3 + -3. Let o(r) = -r**2 + r + 9. Suppose -5*u + 125 = -0*u. What is the remainder when u is divided by o(x)?
7
Let i = 38 - 22. What is the remainder when 2 is divided by (-24)/i*(-4)/6?
0
Suppose 4*z = -2*i - 3*i + 71, 3*i = 2*z - 19. What is the remainder when 23 is divided by z?
9
Let y = 32 + -19. What is the remainder when y is divided by (-3)/((-6)/8) - -3?
6
Let b be 9 + (-3 + 1)*1. Suppose 12*j = b*j + 110. What is the remainder when 87 is divided by j?
21
Let h(o) = o - 1. Let x be h(4). Let l = x + 10. What is the remainder when (-6)/(-10) - (-468)/20 is divided by l?
11
Suppose -5*z - 2*z = -84. What is the remainder when 70 is divided by z?
10
What is the remainder when 7 is divided by 0 + (-33)/(-6) + (-6)/12?
2
Let b = -50 - -23. Let r(p) = -18*p - 1. Let t be r(3). Let l = b - t. Calculate the remainder when 54 is divided by l.
26
Let a = -118 + 217. Calculate the remainder when a is divided by 17.
14
Let p = -28 - -32. What is the remainder when 5 is divided by p?
1
Suppose 5 = -o, -5*c - 3*o = 2*o + 10. What is the remainder when c is divided by 3?
0
Calculate the remainder when 34 is divided by (32/8)/(2/6).
10
Let q be ((-1)/2)/((-1)/(-84)). Let m = 1 - q. Calculate the remainder when m is divided by 15.
13
Let p(c) = c**2 - 5*c + 3. Calculate the remainder when 42 is divided by p(6).
6
Calculate the remainder when 4 + (-55)/15 + (-20)/(-3) is divided by 4.
3
Let z(u) = -u - 2. Let m be z(-2). Suppose 2*b + 6 = -3*a - 2*a, -a - 4 = m. Calculate the remainder when 25 is divided by b.
4
Let u(r) = -r + 4. Let l be u(0). What is the remainder when 25 + l + 1 + 0 is divided by (-6)/(-1)*8/3?
14
Let p(c) = c**3 + 7*c**2 - 10*c - 12. Calculate the remainder when 10 is divided by p(-8).
2
Let p = -98 - -166. What is the remainder when p is divided by 35?
33
Let j(k) = -3*k**2 + 0*k**2 - 1 + 5*k**2. Let w = -90 - -91. Calculate the remainder when w is divided by j(-1).
0
Let c = 1 - -5. What is the remainder when 27 is divided by c?
3
Suppose -6*u = -4*u - 44. What is the remainder when 25 is divided by u?
3
Suppose 3*q + 21 + 219 = 0. Let w(u) = u + 14. Let f be w(-12). Calculate the remainder when 58 is divided by q/f*2/(-4).
18
Suppose 0 = -4*z - z + 25. Suppose 83 = 5*s + 13. Calculate the remainder when s is divided by z.
4
Let b be (54/15)/(2/10). Let d = -17 + b. What is the remainder when 2 is divided by d?
0
Let h(q) = -q - 8. Let k be h(-7). Calculate the remainder when 16 is divided by -18*((-2)/(-6))/k.
4
Let h = -5 + 10. Let w be -2 + 2 + (h - -1). Let o(b) = 3*b + 4. What is the remainder when o(w) is divided by 8?
6
Let l(c) = -c. Let f(n) be the first derivative of -11*n**2/2 - 3*n + 1. Let s(w) = f(w) + 5*l(w). What is the remainder when s(-2) is divided by 15?
14
Let p(n) = 2*n**2 + 2*n + 2. Calculate the remainder when 55 is divided by p(2).
13
Let a = 17 + -32. Let v = -6 - a. What is the remainder when (10/3)/(4/30) is divided by v?
7
Let i(f) = f**3 - f**2 - 3*f + 3. Let t be i(2). Let n be t - -2*(-6)/(-4). What is the remainder when -8*(-2 - 6/n) is divided by 15?
13
Let g(c) = 2*c**2 - 5*c + 10. Suppose 0*y - 5*y + 90 = 0. What is the remainder when g(6) is divided by y?
16
Suppose 3*q - q = -l + 79, 4*q - 3*l - 153 = 0. Let j = -4 + q. What is the remainder when j is divided by 9?
8
Let z = 12 + -10. Suppose -z*d = 1 - 39. Let r = 8 + 2. Calculate the remainder when d is divided by r.
9
Suppose 3*k - 6 = 15. Let r(x) = -x**2. Let o(s) = -s**3 - 9*s**2 - 4*s + 1. Let w(f) = o(f) - 6*r(f). What is the remainder when w(-3) is divided by k?
6
Let n be 8*-1 - (1 + -1). Let y = -2 - n. Let q = 9 - -2. What is the remainder when q is divided by y?
5
Let b(t) = 40*t**3. Let z be b(1). Suppose 0 = -2*v + y + 22, -2*v + z = 2*v - 4*y. Calculate the remainder when 23 is divided by v.
11
Suppose 49*j - 44*j - 145 = 0. What is the remainder when j is divided by 6?
5
Let s = -37 + 60. What is the remainder when 44 is divided by s?
21
What is the remainder when 24 is divided by 10/(-4)*(-104)/20?
11
What is the remainder when 73 is divided by (-150)/(-8) - 1/(-4)?
16
Suppose -228 = -13*q + 10*q. What is the remainder when q is divided by 26?
24
Suppose 4*h = -2*j + 4, -5*h = 5*j - 4*h + 26. Let a = 10 + j. Suppose -w - 2*l - 59 = -a*w, 5*w - 120 = -l. Calculate the remainder when w is divided by 12.
11
Let m = -5 - -15. Suppose -5*n - 5*z + 50 = 0, 2*z = -3*n + 41 - m. Suppose l = 2*c + 2*c - 15, c = -5*l + 9. Calculate the remainder when n is divided by c.
3
Let b(x) = -2*x + 17. What is the remainder when b(-7) is divided by 2/(-4) - (-92)/8?
9
Suppose 0 = 2*i - 4*l - 4, -5*i - 3*l + 21 = -2. Let y = -4 + i. Calculate the remainder when 27 is divided by -1*(2 + y) + 16.
13
Let d(u) = u**3 - 5*u**2 - u - 4. Let x be d(3). Let h = 35 + x. Calculate the remainder when h is divided by 4.
2
Suppose -2*o = -5*q + o + 195, -q + 21 = 3*o. Calculate the remainder when 142 is divided by q.
34
Suppose 3*d - 75 = -3*h, -h + 4*h + 2*d - 70 = 0. What is the remainder when 22 is divided by ((-10)/6)/(h/(-72))?
4
Suppose -d + 4*d - 204 = 0. Let v = 566 - 548. Calculate the remainder when d is divided by v.
14
Suppose 0 = 4*w - 8*w + 28. Let y(t) = 2*t**2 + 3*t + 2. Let q be y(-2). Calculate the remainder when 1 - -1 - (-40)/q is divided by w.
5
Suppose 4*q - 91 - 29 = 0. Let h = 14 - q. Let m = h - -26. What is the remainder when m is divided by 3?
1
Suppose 5*q - 86 = 124. Suppose 5*o - 2*o - 66 = 0. What is the remainder when q is divided by o?
20
Suppose 0 = -l - 5*p + 20, 5*l - 3*p = 2*p + 190. Suppose 0 = 3*q + 2*d - 18, 5*q + 6*d - l = d. What is the remainder when 59 is divided by 2/q*(-2 - -32)?
14
Let h = 2 - 2. Suppose -2*y + h*y + 28 = 0. Suppose -39 = -a + 3*i, -a + 40 = -5*i - 7. Calculate the remainder when a is divided by y.
13
Let p be (12 + -8)/(2/3). Let w(t) = -t**3 + 5*t**2 + 10*t - 9. Calculate the remainder when w(p) is divided by 4.
3
Suppose -4*v + 2*v - 4 = 0. Let l = 11 + -7. What is the remainder when (-24)/(-9)*3 - v is divided by l?
2
Let c = 34 - 21. What is the remainder when (8/6)/(4/114) is divided by c?
12
Suppose -6*c + 69 = 21. Calculate the remainder when 39 is divided by c.
7
Let l = 118 - -277. Suppose -5*p + l = -0*p. What is the remainder when p is divided by 20?
19
Suppose 2*j + 0*j - 12 = -n, -4*n = -4*j - 72. What is the remainder when 31 is divided by n?
15
Suppose 3*o = 5*s + 25, o + 4*s = -0*s - 20. Suppose -l + o + 7 = 0. Suppose 25 = p + 4*q, 4*p - 4*q = l + 13. What is the remainder when 25 is divided by p?
7
Calculate the remainder when 0 + 1 + -2 + 74 is divided by (-50)/4*(-20)/10.
23
Let k(l) be the third derivative of l**5/20 - 2*l**3/3 + 2*l**2. Let h = -8 + 20. What is the remainder when k(3) is divided by h?
11
Suppose -4*g + 20 = g. Suppose -g*m + 14 = -30. Suppose -4*q + 54 = -30. Calculate the remainder when q is divided by m.
10
Suppose -4*y + l + 128 = -82, y = l + 54. Suppose -2*d + 0*t + 18 = 5*t, -2*t + y = 4*d. What is the remainder when